 g(-2)?
8
Let s = -734 - -1033. Suppose 43 - s = -8*b. What is the units digit of b?
2
Let z be 2/4 - 752/(-32). Let b = z + -17. Suppose 8*l - b*l = 52. What is the tens digit of l?
5
Suppose -23640 = -52*x + 44*x. What is the thousands digit of x?
2
Let r = -62 - -76. Let c = 53 - r. What is the units digit of c?
9
Let s = 12 - 7. Suppose -s*h + 0 = -20. What is the tens digit of 50 - (2 - (h - 2))?
5
What is the tens digit of ((-109)/(-2))/((-20)/(-200))?
4
Let a(x) = 51*x**2 - 10*x - 2. What is the units digit of a(8)?
2
Let v(i) = i**2 + 12*i - 73. What is the tens digit of v(-25)?
5
Suppose -87*s - 10423 = -94*s. What is the tens digit of s?
8
Let v be (-2)/(-8) + 1281/28. What is the tens digit of v*(3*1/6)/1?
2
What is the tens digit of (84/20 - 3)*56500/40?
9
Let n be (-110)/12 + 13/78. Let c = n + 12. Suppose -c = -2*y + 7. What is the units digit of y?
5
Let l(p) = p**2 + 9*p + 8. Let c be l(-9). Let u = c - 23. Let r = 28 + u. What is the tens digit of r?
1
Let u(w) = -w + 367. What is the hundreds digit of u(15)?
3
Let s(z) = -z**3 - 16*z**2 - 21*z - 79. What is the units digit of s(-17)?
7
Let o be 1/((-3)/138*2). Suppose g = -3*q - 2 + 8, 2*g - 10 = -4*q. Let c = q - o. What is the units digit of c?
4
Let l = 1363 + 387. What is the thousands digit of l?
1
Suppose -4*k - 29 = -5*c, 0 = -4*c + c + k + 16. Suppose c*j + 55 - 220 = 0. What is the tens digit of j?
3
Let k(f) = -6*f + 2. Let p be k(1). Let a be (-18 - (p - 0)) + -1. Let v = a - -18. What is the units digit of v?
3
Let m = 123 + -99. Let y = 6 - 8. What is the units digit of y/1 + (m - -4)?
6
Let v(r) = -8*r**2 + 4*r - 7. Let k be v(2). What is the tens digit of -5 + 4 - 2*k?
6
Let o(c) = c**2 - c. Let g be o(2). Suppose 3*x - 307 = -2*n, -g*n - 50 = -x + 63. Suppose 4*m - x = 3*d, 3*m + 2*d - 83 = -0*m. What is the tens digit of m?
2
Let o = 550 + -276. What is the units digit of o?
4
What is the tens digit of 1/((-1069)/(-356) - 3)?
5
Let y(b) = 6*b**2 + 9*b - 129. What is the hundreds digit of y(25)?
8
Let h(z) be the first derivative of 13*z**6/120 + z**4/24 + 2*z**3 - 8. Let n(m) be the third derivative of h(m). What is the tens digit of n(1)?
4
What is the hundreds digit of 439800/104 - (-18)/117?
2
What is the units digit of (-14)/6*-372 - -1?
9
Suppose 0 = 2*p - 11 + 23. What is the units digit of (1245/(-10))/(p/8)?
6
Suppose -5*g - 14 = 2*p - 0*g, 3*p - 2*g = 17. Suppose p = 3*r, 3*n = -r - 0*r + 43. What is the units digit of n?
4
Let g(n) be the third derivative of n**5/60 - n**4/12 + 5*n**3/6 - 5*n**2. Let j be 26/7 + 6/21. What is the units digit of g(j)?
3
Suppose -5*m + 15919 = 3*h, h + 3423 = -5*m + 8716. What is the units digit of h?
3
Let d(q) = -4*q + 6. Let s(y) = -y. Let m(a) = d(a) + 3*s(a). Let j = -8 - -5. What is the units digit of m(j)?
7
Suppose -5*r = q - r - 100, r + 352 = 3*q. Suppose q = 2*o - 0. What is the units digit of o?
8
Let t = -154 + 79. Let h = t - -143. What is the tens digit of h?
6
Suppose -1377 = -0*q - 5*q - 4*b, -3*b = 3*q - 825. What is the units digit of q?
7
Let o(n) = -n**3 - 12*n**2 + 16*n + 21. What is the hundreds digit of o(-18)?
6
What is the tens digit of (-14586)/(-65) + (-6)/(-10)?
2
Let m be (-8)/6*((-357)/(-6) + -4). Let x = m + 180. What is the units digit of x?
6
Suppose -2*v = -2*i + 459 - 45, 0 = -3*v + 12. What is the units digit of (i + -43)*((-2)/4 - -1)?
4
Let n = 725 - 297. What is the hundreds digit of n?
4
Suppose -7*t = 2574 - 7341. What is the tens digit of t?
8
Let y = 830 + -362. What is the tens digit of y?
6
Let d(h) = -173*h + 73. What is the tens digit of d(-4)?
6
Let u(i) = -8*i**2 + i - 4. Let d be u(-2). Let w = d - -18. Let p = 58 + w. What is the tens digit of p?
3
Suppose -2*z = -169 + 25. Suppose u = 3*k - 17, 3*k = -3*u + 21 - 132. Let h = z + u. What is the units digit of h?
0
Let m(n) = 259*n**2 - 9*n + 6. What is the hundreds digit of m(1)?
2
Let f be (-2)/((-55)/15 + 3). Suppose 3*a - 135 = -2*w + 4*a, 2*w + f*a - 115 = 0. What is the units digit of w?
5
What is the tens digit of 9908/10 - (-1)/5?
9
Let p(q) = q**2 - 6*q - 6. Let d be p(7). What is the units digit of 161*1/d - (15 - 18)?
4
Suppose -4*h - 5767 = -10*d + 5*d, 5*d + 3*h = 5746. What is the units digit of d?
1
Let u(n) = -n**3 + 13*n**2 + 12*n - 25. Let y be u(11). Let z = y - 209. What is the tens digit of z?
4
Let n be -6*(-27)/3 + (-2)/2. Suppose -n = -7*h + 171. What is the tens digit of h?
3
Let c = 6 + -4. Suppose 5*o - 479 = 2*r - 38, 0 = 3*o - c*r - 267. What is the tens digit of o?
8
Let s = 20 + -20. Suppose -4*l = -s*l - 100. Suppose -2*j + l = g, 4*g - 3 - 47 = -3*j. What is the tens digit of j?
1
Suppose -3*a + 12*a = 18. Let y(z) = 26*z**2 + 7*z - 12. What is the units digit of y(a)?
6
Let n be ((-8)/(-6) + -1)*-9. Let c be 4/12 - (-1)/n. Suppose -4*u + 73 + 43 = c. What is the tens digit of u?
2
Let v(h) be the second derivative of -h**4/12 + 11*h**3/3 + 33*h**2/2 - 36*h. What is the tens digit of v(19)?
9
Let g = -1 + 38. Let j = 61 + g. What is the tens digit of j?
9
Suppose 16*k + 6908 = 38*k. What is the tens digit of k?
1
Let z = -1440 - -2236. What is the units digit of z?
6
Let t(x) = 3 + 9*x**2 - 5 - 3*x - 13*x**2 - 4*x**3. What is the tens digit of t(-2)?
2
Let q = 2355 - -1300. What is the hundreds digit of q?
6
Let h = -348 + 208. What is the units digit of (-4)/6 + h/(-3)?
6
Let s be (-2 - -43) + 0/(-7). Let p = s + -14. Let i = p + -18. What is the units digit of i?
9
Let f = 58 + -31. Suppose 0 = f*y - 24*y - 57. What is the tens digit of y?
1
Suppose 2*g + g = 12. Suppose -4*p = -8 - g. Suppose 4*j + 3*z - 61 = 0, 5*j = -8*z + p*z + 75. What is the units digit of j?
6
What is the units digit of ((-88)/(-32))/(1/908)?
7
Let s(t) be the first derivative of -t**4/4 + 10*t**3/3 - 3*t**2 + 4*t + 4. What is the tens digit of s(4)?
7
Suppose -2*v - 5*n + 1484 = 0, 2*v + 5*n - 7*n - 1470 = 0. What is the tens digit of v?
3
Let w = -884 + 1280. Let g = 207 - w. What is the units digit of g/(-7) - (-1 - -3)?
5
Suppose 10*b = 6*b. Suppose b = -r - 1, -6*w - 5*r = -w + 10. What is the tens digit of -3 + (w - -4) + 50?
5
Let h be (0 - 38/6)*-3. Suppose 7*b + 2*x - 14 = 3*b, 0 = 2*b - 3*x - h. Suppose -3*m + 150 = 5*g, 150 = 3*g + 2*g - b*m. What is the tens digit of g?
3
Let x(k) = -3*k**2 + 3*k - 2. Let u be x(1). Let g = u - -41. What is the units digit of g?
9
Suppose 20*k - 18078 = -4718. What is the hundreds digit of k?
6
Let x(o) = -44*o**3 + 7*o**2 - 2*o. What is the units digit of x(-3)?
7
Let b be (25/50)/(1/(-10)). Let i(k) = k**2 + 4*k + 8. Let o be i(b). Let p(u) = u**2 - 7*u - 1. What is the units digit of p(o)?
7
Let i(b) = 2*b**2 + b. Let q be i(-2). Let n be 4/8 + 21/q. Suppose -60 = -2*y - 2*c, 3*c = n + 2. What is the tens digit of y?
2
Let o = -26 + 30. What is the tens digit of (-272)/(-2) - (5 - o)?
3
Let b = 167 - 32. Suppose -5*m - 5*g = -150, m - g - b = -3*m. What is the tens digit of m?
3
Suppose 8 = 2*o, 1634 = 4*w - w - o. What is the tens digit of w?
4
Let v = 1039 + -590. What is the units digit of v?
9
Let l be 124/(3 + 0 + -2). Suppose 2*n - l = 4*i, -4*i + 153 = 3*n + i. Let m = -27 + n. What is the units digit of m?
9
Suppose -6*v + 25 = -5. Suppose -5*y + 77 = -2*r + 15, v*r = -2*y - 97. What is the units digit of -3 + (-10)/(-5) - r?
0
Let p(h) = -237*h - 206. What is the hundreds digit of p(-5)?
9
Suppose 0 = -3*n - n + 2*h + 12, h - 6 = -4*n. Suppose 5*x - 4 - n = -3*j, 9 = 3*x. Let l = 12 + j. What is the units digit of l?
9
Suppose -9 = -3*d, 0 = -h - 21*d + 17*d + 532. What is the hundreds digit of h?
5
Suppose -4*o = 5*v - 0*v, -22 = -3*v + 2*o. Suppose v*j - 3*j = 6. Suppose -j*p + 4*p = -130. What is the units digit of p?
5
Suppose d = -3*p + 3*d - 59, -6 = 3*d. Let w be 400/6 + 14/p. Suppose -5*z = -15, -4*x - z + w = z. What is the units digit of x?
5
Suppose 2*h + 4 = 0, -4*j + j = 5*h + 127. Let d = -10 - j. What is the units digit of d?
9
Suppose 0 = -3*u + 3*m - 27, -2*u - 13 = -5*m - 4. What is the hundreds digit of u*((-58)/(-12))/((-4)/8)?
1
Suppose 0 = -2*u + 5*f + 6455, 2*u + 4*f = 7200 - 754. What is the tens digit of u?
2
Let x = 2 - 2. Let y(f) = -2*f**2 + 3*f**2 + 11 + 0*f**2 - 2*f. What is the units digit of y(x)?
1
Suppose p - 3 = -